37 and 671?
61
Calculate the highest common divisor of 2376 and 88.
88
What is the greatest common divisor of 346 and 39271?
173
What is the greatest common factor of 2 and 566?
2
Calculate the greatest common divisor of 1969 and 11.
11
What is the greatest common factor of 3492 and 36?
36
Calculate the greatest common divisor of 6680 and 167.
167
What is the greatest common factor of 84 and 132?
12
Calculate the highest common divisor of 18102 and 21.
21
Calculate the greatest common divisor of 708 and 12.
12
Calculate the greatest common factor of 12 and 76.
4
What is the highest common factor of 2346 and 48?
6
What is the greatest common divisor of 660 and 825?
165
What is the greatest common factor of 70 and 9310?
70
What is the highest common factor of 129 and 989?
43
What is the greatest common divisor of 232 and 20184?
232
Calculate the highest common factor of 66 and 66.
66
Calculate the highest common factor of 35 and 112.
7
What is the highest common factor of 1356 and 22713?
339
Calculate the highest common factor of 165 and 120.
15
What is the greatest common factor of 18 and 9378?
18
Calculate the greatest common factor of 192 and 6.
6
Calculate the greatest common divisor of 959 and 7.
7
What is the greatest common factor of 153 and 9?
9
What is the highest common divisor of 6283 and 122?
61
What is the highest common factor of 136 and 296?
8
Calculate the highest common divisor of 47538 and 18.
18
What is the greatest common divisor of 880 and 352?
176
What is the highest common divisor of 392 and 28?
28
Calculate the greatest common divisor of 1694 and 154.
154
What is the highest common divisor of 192 and 1984?
64
Calculate the greatest common factor of 5508 and 18.
18
Calculate the highest common divisor of 966 and 840.
42
What is the greatest common divisor of 9 and 1?
1
What is the highest common divisor of 5 and 15045?
5
What is the greatest common divisor of 376 and 24628?
188
Calculate the highest common factor of 800 and 5.
5
What is the greatest common factor of 35 and 700?
35
What is the highest common divisor of 2 and 187?
1
What is the highest common divisor of 63 and 45?
9
What is the highest common divisor of 3 and 1044?
3
Calculate the highest common divisor of 300 and 2800.
100
What is the highest common divisor of 3679 and 91?
13
What is the highest common divisor of 848 and 32?
16
What is the highest common divisor of 187 and 68?
17
Calculate the greatest common divisor of 43 and 1.
1
What is the greatest common factor of 148 and 111?
37
Calculate the greatest common divisor of 810 and 1944.
162
What is the highest common factor of 1578 and 24?
6
Calculate the greatest common factor of 2669 and 85.
17
Calculate the greatest common factor of 29 and 2030.
29
Calculate the greatest common factor of 311 and 47583.
311
What is the greatest common factor of 15 and 5730?
15
What is the highest common divisor of 2277 and 99?
99
What is the greatest common factor of 1273 and 201?
67
What is the greatest common divisor of 35 and 105?
35
Calculate the highest common factor of 3 and 5349.
3
What is the greatest common divisor of 357 and 561?
51
Calculate the greatest common divisor of 12056 and 411.
137
What is the highest common divisor of 9 and 51?
3
What is the greatest common divisor of 124 and 12?
4
Calculate the highest common factor of 18 and 198.
18
Calculate the greatest common factor of 4 and 7.
1
What is the highest common factor of 1456 and 3952?
208
Calculate the highest common factor of 62 and 62.
62
Calculate the highest common factor of 20 and 245.
5
What is the highest common divisor of 96 and 32?
32
What is the greatest common divisor of 1738 and 330?
22
Calculate the greatest common divisor of 22 and 99.
11
Calculate the greatest common factor of 362 and 2.
2
What is the highest common divisor of 13 and 403?
13
What is the highest common divisor of 205 and 3362?
41
Calculate the greatest common divisor of 981 and 109.
109
Calculate the highest common divisor of 4 and 20.
4
What is the greatest common factor of 27 and 1728?
27
What is the highest common factor of 1364 and 2108?
124
What is the highest common factor of 34 and 2754?
34
Calculate the highest common factor of 255 and 357.
51
Calculate the highest common factor of 53 and 689.
53
What is the greatest common factor of 510 and 1224?
102
Calculate the highest common factor of 798 and 28.
14
What is the highest common divisor of 252 and 28?
28
What is the greatest common divisor of 25300 and 184?
92
Calculate the highest common factor of 847 and 7.
7
What is the highest common factor of 12015 and 45?
45
Calculate the greatest common divisor of 48 and 20268.
12
What is the greatest common divisor of 50 and 225?
25
Calculate the greatest common factor of 175 and 21.
7
What is the highest common factor of 5978 and 244?
122
What is the greatest common factor of 630 and 27?
9
What is the highest common factor of 88 and 869?
11
What is the greatest common factor of 308 and 7?
7
Calculate the greatest common factor of 935 and 55.
55
Calculate the highest common factor of 175 and 210.
35
What is the greatest common factor of 322 and 69?
23
Calculate the greatest common divisor of 78 and 66.
6
What is the highest common divisor of 36 and 414?
18
What is the greatest common divisor of 384 and 264?
24
What is the highest common factor of 273 and 1281?
21
Calculate the greatest common factor of 385 and 105.
35
What is the highest common divisor of 10955 and 35?
35
What is the highest common factor of 286 and 1958?
22
Calculate the greatest common divisor of 14 and 1694.
14
Calculate the greatest common divisor of 1388 and 4.
4
Calculate the highest common factor of 228 and 475.
19
What is the highest common factor of 12222 and 388?
194
Calculate the greatest common divisor of 1053 and 81.
81
Calculate the greatest common divisor of 2950 and 40.
10
What is the greatest common divisor of 13 and 39?
13
What is the greatest common factor of 1456 and 221?
13
Calculate the highest common factor of 8 and 88.
8
What is the greatest common divisor of 1722 and 656?
82
What is the greatest common divisor of 315 and 16110?
45
Calculate the highest common divisor of 125 and 5.
5
Calculate the greatest common divisor of 5 and 10290.
5
Calculate the highest common divisor of 315 and 135.
45
What is the greatest common factor of 72 and 16?
8
What is the greatest common divisor of 132 and 6666?
66
Calculate the greatest common factor of 29 and 29.
29
What is the highest common divisor of 9100 and 14?
14
Calculate the greatest common factor of 235 and 94.
47
Calculate the highest common divisor of 1100 and 11.
11
What is the greatest common divisor of 5 and 1050?
5
What is the greatest common factor of 11 and 1?
1
What is the greatest common divisor of 442 and 26?
26
What is the greatest common factor of 429 and 33?
33
What is the highest common divisor of 173 and 59685?
173
What is the greatest common factor of 363 and 11?
11
Calculate the greatest common divisor of 321 and 2675.
107
What is the highest common divisor of 756 and 56?
28
Calculate the greatest common factor of 20 and 30.
10
What is the greatest common divisor of 2 and 3378?
2
What is the greatest common divisor of 7080 and 240?
120
Calculate the greatest common divisor of 1020 and 595.
85
Calculate the highest common divisor of 5 and 111.
1
Calculate the highest common divisor of 22839 and 69.
69
Calculate the greatest common divisor of 469 and 67.
67
What is the greatest common divisor of 13 and 260?
13
Calculate the highest common factor of 23 and 851.
23
What is the greatest common divisor of 7 and 2156?
7
What is the highest common divisor of 144 and 3888?
144
Calculate the highest common factor of 4 and 3918.
2
What is the greatest common divisor of 3264 and 12?
12
Calculate the greatest common factor of 72 and 200.
8
What is the highest common divisor of 110 and 42130?
110
What is the greatest common divisor of 1818 and 45?
9
Calculate the highest common factor of 299 and 39.
13
Calculate the highest common factor of 68 and 884.
68
Calculate the greatest common factor of 720 and 32.
16
Calculate the highest common divisor of 28 and 175.
7
What is the greatest common factor of 605 and 55?
55
What is t